57
What is the highest common factor of 47679 and 724859?
691
Calculate the greatest common factor of 10915455 and 493.
29
What is the highest common factor of 512 and 2009632?
32
What is the highest common factor of 86272 and 1222636?
1348
What is the greatest common factor of 9368334 and 10686?
822
Calculate the greatest common factor of 20106 and 940086.
18
Calculate the highest common divisor of 11474892 and 25938.
198
What is the greatest common divisor of 425573209 and 46?
23
Calculate the highest common divisor of 8568377 and 5699.
139
Calculate the highest common factor of 74478464 and 2432.
128
Calculate the highest common factor of 30056 and 429624.
1768
What is the greatest common factor of 123344280 and 216?
72
What is the greatest common divisor of 148 and 816540198?
74
What is the highest common divisor of 5104416 and 8592?
48
What is the greatest common divisor of 5834368 and 5760?
128
What is the greatest common factor of 1282077 and 567?
9
What is the highest common divisor of 25 and 173960275?
25
What is the highest common divisor of 659 and 1928392819?
659
What is the highest common factor of 261091 and 2492837?
1663
Calculate the greatest common factor of 270 and 28764180.
270
What is the highest common divisor of 312157 and 55392?
577
What is the highest common factor of 160704 and 11097?
81
What is the greatest common divisor of 1334 and 695712349?
667
What is the greatest common factor of 524927 and 8918?
13
What is the highest common divisor of 281524668 and 3156?
3156
What is the highest common divisor of 11418308 and 220?
44
Calculate the greatest common divisor of 7594661 and 1368.
19
Calculate the greatest common factor of 3114 and 1934486.
346
Calculate the greatest common factor of 14776 and 1220.
4
Calculate the greatest common divisor of 13251218 and 16.
2
What is the greatest common factor of 25065 and 13629790?
2785
Calculate the highest common divisor of 63920 and 863600.
1360
Calculate the highest common factor of 549525 and 179625.
75
What is the highest common divisor of 112222893 and 21?
3
What is the greatest common divisor of 596000 and 54000?
2000
What is the highest common divisor of 853854 and 11?
1
Calculate the highest common divisor of 5363 and 52328.
31
Calculate the highest common factor of 15606 and 3003866.
578
Calculate the greatest common divisor of 7890 and 84960.
30
Calculate the greatest common divisor of 71265062 and 44.
22
Calculate the greatest common factor of 28 and 991361.
7
Calculate the highest common factor of 2222325 and 265965.
1785
What is the greatest common factor of 11736823 and 1715?
49
What is the greatest common divisor of 20254 and 442390?
1066
What is the highest common factor of 30780 and 28124940?
1140
What is the highest common divisor of 21258 and 180413103?
3543
What is the greatest common factor of 1842750 and 11583?
1053
Calculate the highest common factor of 4053359 and 5336.
667
Calculate the greatest common divisor of 105128 and 280599.
773
Calculate the greatest common factor of 921033620 and 10.
10
What is the greatest common divisor of 141892773 and 897?
69
What is the highest common divisor of 43561662 and 24?
6
Calculate the greatest common factor of 10809 and 196.
1
What is the greatest common factor of 27967431 and 186252?
4233
Calculate the greatest common divisor of 2645 and 397946.
23
What is the greatest common divisor of 2500 and 9006970?
10
Calculate the greatest common factor of 5138 and 2237966.
734
Calculate the highest common factor of 1308770 and 4988.
58
Calculate the highest common factor of 335 and 34855075.
335
What is the highest common factor of 122 and 259472406?
122
Calculate the greatest common factor of 12510 and 724770.
90
Calculate the greatest common factor of 54 and 208914894.
18
Calculate the greatest common divisor of 3153309 and 41114.
337
What is the highest common divisor of 1695006 and 9558?
162
Calculate the greatest common divisor of 5100 and 172812.
12
Calculate the highest common factor of 286528 and 26640.
592
Calculate the greatest common divisor of 12650693 and 55.
11
Calculate the highest common factor of 28 and 30056390.
14
Calculate the greatest common factor of 3745987 and 1749.
53
What is the greatest common divisor of 1183 and 5793879?
91
What is the greatest common divisor of 6 and 41796114?
6
Calculate the highest common divisor of 10867811 and 90550.
1811
Calculate the greatest common factor of 92805 and 19665.
345
What is the greatest common factor of 2376612 and 12348?
252
What is the greatest common factor of 40612 and 176?
44
Calculate the highest common divisor of 15023040 and 8080.
80
Calculate the greatest common factor of 1976807 and 392.
49
What is the greatest common factor of 284006583 and 42?
21
What is the greatest common divisor of 71213 and 891973?
1207
Calculate the greatest common divisor of 391991 and 196244.
71
Calculate the greatest common factor of 20715359 and 56581.
959
What is the highest common divisor of 2660 and 10092800?
380
What is the greatest common divisor of 936 and 6084960?
24
Calculate the highest common divisor of 88 and 854348.
44
Calculate the highest common divisor of 3400549 and 12133.
1103
What is the greatest common divisor of 1075916 and 420?
4
What is the highest common divisor of 65061500 and 8700?
2900
Calculate the highest common factor of 135 and 26826930.
135
Calculate the highest common divisor of 93171715 and 70.
35
What is the highest common factor of 145800 and 8667?
81
What is the greatest common divisor of 180697242 and 132?
66
Calculate the greatest common divisor of 11 and 28295058.
11
Calculate the highest common factor of 2470 and 15178.
2
What is the greatest common divisor of 13240227 and 693?
231
What is the highest common factor of 2204711 and 207?
23
Calculate the greatest common factor of 792 and 817488.
72
What is the highest common factor of 295907 and 49219?
593
What is the greatest common factor of 1890 and 46725?
105
Calculate the greatest common divisor of 89873483 and 903.
301
Calculate the greatest common divisor of 317478 and 2058.
42
What is the highest common factor of 666464 and 396716?
236
Calculate the highest common divisor of 640384 and 6914146.
10006
What is the greatest common divisor of 6237 and 6094683?
567
What is the highest common divisor of 14650074 and 72?
18
What is the highest common divisor of 10264 and 290644?
4
What is the highest common factor of 1804 and 862675?
11
What is the highest common factor of 15839172 and 918?
918
Calculate the greatest common divisor of 854625 and 4293.
159
Calculate the highest common divisor of 616408 and 53716.
52
What is the greatest common factor of 79120 and 942?
2
Calculate the greatest common factor of 19631656 and 913.
11
What is the greatest common divisor of 23324 and 13213732?
1372
Calculate the greatest common factor of 314 and 966806.
314
Calculate the greatest common factor of 951752 and 18438.
878
What is the greatest common factor of 991633318 and 26?
26
Calculate the greatest common factor of 160 and 3425144.
8
Calculate the greatest common divisor of 147641920 and 192.
64
Calculate the greatest common divisor of 2439794 and 12167.
23
What is the greatest common factor of 69984 and 9123?
3
What is the greatest common divisor of 1039282 and 95078?
274
What is the highest common divisor of 1880990 and 3950?
790
Calculate the greatest common factor of 51 and 132173963.
17
What is the highest common factor of 11932 and 439187090?
5966
What is the highest common divisor of 11869040 and 120?
40
What is the highest common divisor of 119 and 870181193?
119
What is the greatest common factor of 1083267409 and 161?
161
Calculate the highest common factor of 330568 and 11788.
28
What is the highest common divisor of 65152786 and 209?
19
Calculate the greatest common divisor of 8218 and 125618.
1174
What is the highest common divisor of 357717 and 346155?
141
What is the highest common divisor of 2271517 and 466?
233
Calculate the highest common factor of 673767 and 235554.
129
What is the greatest common divisor of 5059 and 6201215961?
5059
Calculate the greatest common divisor of 1560 and 20172750.
390
What is the highest common factor of 3 and 387547?
1
What is the great